1931390?
9
What is the units digit of 675666?
6
What is the hundreds digit of 136324?
3
What is the thousands digit of 135733?
5
What is the ten thousands digit of 8779688?
7
What is the hundred thousands digit of 1909276?
9
What is the units digit of 1136936?
6
What is the hundred thousands digit of 677328?
6
What is the thousands digit of 790158?
0
What is the hundred thousands digit of 850031?
8
What is the units digit of 5024076?
6
What is the hundred thousands digit of 286313?
2
What is the thousands digit of 291454?
1
What is the tens digit of 8670432?
3
What is the hundred thousands digit of 7614287?
6
What is the thousands digit of 1184087?
4
What is the tens digit of 9415?
1
What is the units digit of 3393630?
0
What is the units digit of 4597113?
3
What is the tens digit of 2360559?
5
What is the hundreds digit of 7637200?
2
What is the units digit of 6339178?
8
What is the ten thousands digit of 9252855?
5
What is the units digit of 378447?
7
What is the thousands digit of 3800795?
0
What is the ten thousands digit of 6662306?
6
What is the ten thousands digit of 203606?
0
What is the thousands digit of 4001296?
1
What is the thousands digit of 1889984?
9
What is the tens digit of 530847?
4
What is the thousands digit of 1304895?
4
What is the thousands digit of 15960136?
0
What is the hundred thousands digit of 8990458?
9
What is the hundreds digit of 76286?
2
What is the ten thousands digit of 4765333?
6
What is the thousands digit of 1160049?
0
What is the ten millions digit of 35287801?
3
What is the hundred thousands digit of 370584?
3
What is the tens digit of 24866?
6
What is the ten thousands digit of 10191090?
9
What is the hundreds digit of 32951?
9
What is the hundred thousands digit of 268764?
2
What is the ten millions digit of 11036287?
1
What is the ten thousands digit of 897653?
9
What is the units digit of 403150?
0
What is the hundreds digit of 1367810?
8
What is the ten millions digit of 13010246?
1
What is the thousands digit of 178672?
8
What is the thousands digit of 1897958?
7
What is the thousands digit of 412186?
2
What is the hundreds digit of 12903?
9
What is the hundreds digit of 908440?
4
What is the ten thousands digit of 72494?
7
What is the units digit of 586782?
2
What is the hundreds digit of 18859402?
4
What is the hundred thousands digit of 2543738?
5
What is the thousands digit of 404953?
4
What is the hundreds digit of 6875?
8
What is the millions digit of 1330482?
1
What is the millions digit of 5048545?
5
What is the tens digit of 1537144?
4
What is the units digit of 6816979?
9
What is the ten thousands digit of 10351886?
5
What is the ten thousands digit of 95983?
9
What is the millions digit of 4066144?
4
What is the tens digit of 3334356?
5
What is the units digit of 1044181?
1
What is the units digit of 34395?
5
What is the hundred thousands digit of 6639882?
6
What is the millions digit of 2896311?
2
What is the thousands digit of 14773941?
3
What is the thousands digit of 508953?
8
What is the hundreds digit of 110773?
7
What is the hundred thousands digit of 2831140?
8
What is the hundreds digit of 205900?
9
What is the thousands digit of 180105?
0
What is the units digit of 2961720?
0
What is the millions digit of 3043000?
3
What is the tens digit of 2057940?
4
What is the tens digit of 780153?
5
What is the hundreds digit of 364350?
3
What is the hundreds digit of 15482040?
0
What is the tens digit of 827281?
8
What is the tens digit of 457220?
2
What is the hundred thousands digit of 978738?
9
What is the thousands digit of 510082?
0
What is the ten thousands digit of 872050?
7
What is the units digit of 20443226?
6
What is the ten thousands digit of 208672?
0
What is the hundreds digit of 367303?
3
What is the tens digit of 1911168?
6
What is the hundreds digit of 7530?
5
What is the units digit of 1516157?
7
What is the ten millions digit of 12407382?
1
What is the hundreds digit of 22348012?
0
What is the ten thousands digit of 6134175?
3
What is the units digit of 744283?
3
What is the ten thousands digit of 737502?
3
What is the ten millions digit of 16198219?
1
What is the thousands digit of 340613?
0
What is the thousands digit of 1799728?
9
What is the ten thousands digit of 6764371?
6
What is the hundreds digit of 217031?
0
What is the hundreds digit of 279559?
5
What is the units digit of 422164?
4
What is the ten thousands digit of 2905642?
0
What is the ten thousands digit of 22622208?
2
What is the units digit of 1334084?
4
What is the units digit of 7106237?
7
What is the ten thousands digit of 2351539?
5
What is the units digit of 12962297?
7
What is the hundred thousands digit of 18238843?
2
What is the units digit of 854457?
7
What is the units digit of 18420?
0
What is the hundreds digit of 44179?
1
What is the thousands digit of 12518098?
8
What is the thousands digit of 570425?
0
What is the ten thousands digit of 122278?
2
What is the millions digit of 2097319?
2
What is the ten thousands digit of 239629?
3
What is the thousands digit of 26351054?
1
What is the hundred thousands digit of 2376415?
3
What is the units digit of 20387716?
6
What is the hundred thousands digit of 242159?
2
What is the millions digit of 1716844?
1
What is the tens digit of 648220?
2
What is the thousands digit of 8108096?
8
What is the units digit of 4734301?
1
What is the units digit of 392835?
5
What is the hundreds digit of 10419325?
3
What is the hundreds digit of 487971?
9
What is the hundred thousands digit of 246092?
2
What is the millions digit of 6954619?
6
What is the thousands digit of 19896115?
6
What is the units digit of 84640?
0
What is the hundred thousands digit of 348543?
3
What is the units digit of 314221?
1
What is the tens digit of 44011?
1
What is the hundred thousands digit of 3232299?
2
What is the tens digit of 2070031?
3
What is the millions digit of 1255596?
1
What is the hundred thousands digit of 623644?
6
What is the thousands digit of 1316698?
6
What is the millions digit of 1111876?
1
What is the ten thousands digit of 426195?
2
What is the tens digit of 7684925?
2
What is the tens digit of 232666?
6
What is the units digit of 10290886?
6
What is the ten millions digit of 17622207?
1
What is the tens digit of 14504?
0
What is the hundreds digit of 1896017?
0
What is the tens digit of 964602?
0
What is the hundreds digit of 29751423?
4
What is the hundred thousands digit of 720611?
7
What is the ten thousands digit of 6691243?
9
What is the millions digit of 2586324?
2
What is the thousands digit of 3574766?
4
What is the ten thousands digit of 60380?
6
What is the ten thousands digit of 693890?
9
What is the hundred thousands digit of 4776290?
7
What is the hundred thousands digit of 809902?
8
What is the hundreds digit of 42779?
7
What is the units digit of 29699024?
4
What is the hundred thousands digit of 8998521?
9
What is the hundreds digit of 223031?
0
What is the hundred thousands digit of 975143?
9
What is the ten thousands digit of 700755?
0
What is the ten thousands digit of 2816379?
1
What is the hundreds digit of 1454678?
6
What is the units digit of 2854841?
1
What is the ten thousands digit of 3534366?
3
What is the tens digit of 266035?
3
What is the hundreds digit of 455416?
4
What is the ten thousands digit of 1959720?
5
What is the ten thousands digit of 3203483?
0
What is the units digit of 242923?
3
What is the hundreds digit of 8070359?
3
What is the hundred thousands digit of 16414300?
4
What is the thousands digit of 634053?
4
What is the tens digit of 16587?
8
What is the hundreds digit of 6827848?
8
What is the hundred thousands digit of 261443?
2
What is the hundreds digit of 446499?
4
What is the hundred thousands digit of 803787?
8
What is the hundreds digit of 3133320?
3
What is the hundreds digit of 4070893?
8
What is the tens digit of 5090963?
6
What is the hundred thousands digit of 801050?
8
What is the hundred thousands digit of 277649?
2
What is the ten thousands digit of 24773064?
7
What is the units digit of 5283244?
4
What is the hundreds digit of 1449972?
9
What is the hundred thousands digit of 4390955?
3
What is the units digit of 21661293?
3
What is the hundreds digit of 141212?
2
What is the tens digit of